{"id":348,"date":"2025-01-13T14:42:14","date_gmt":"2025-01-13T14:42:14","guid":{"rendered":"http:\/\/ienuevolatircali.edu.co\/site\/?page_id=348"},"modified":"2026-03-05T20:53:39","modified_gmt":"2026-03-05T20:53:39","slug":"rendicion-de-cuentas","status":"publish","type":"page","link":"http:\/\/ienuevolatircali.edu.co\/site\/rendicion-de-cuentas\/","title":{"rendered":"Rendici\u00f3n de cuentas"},"content":{"rendered":"<p>[et_pb_section fb_built=\u00bb1&#8243; _builder_version=\u00bb4.24.0&#8243; _module_preset=\u00bbdefault\u00bb background_color=\u00bb#024e77&#8243; background_image=\u00bbhttp:\/\/ienuevolatircali.edu.co\/site\/wp-content\/uploads\/2024\/02\/FDPS-1-1.jpg\u00bb background_blend=\u00bbmultiply\u00bb global_colors_info=\u00bb{}\u00bb][et_pb_row _builder_version=\u00bb4.27.0&#8243; _module_preset=\u00bbdefault\u00bb global_colors_info=\u00bb{}\u00bb][et_pb_column type=\u00bb4_4&#8243; _builder_version=\u00bb4.24.0&#8243; _module_preset=\u00bbdefault\u00bb global_colors_info=\u00bb{}\u00bb][et_pb_text _builder_version=\u00bb4.27.4&#8243; _module_preset=\u00bbdefault\u00bb text_font=\u00bb|700|||||||\u00bb text_text_color=\u00bb#FFFFFF\u00bb text_font_size=\u00bb48px\u00bb text_line_height=\u00bb1.8em\u00bb text_orientation=\u00bbcenter\u00bb global_colors_info=\u00bb{}\u00bb]<\/p>\n<p>Informes Rendici\u00f3n de Cuentas<\/p>\n<p>[\/et_pb_text][\/et_pb_column][\/et_pb_row][\/et_pb_section][et_pb_section fb_built=\u00bb1&#8243; _builder_version=\u00bb4.24.0&#8243; _module_preset=\u00bbdefault\u00bb global_colors_info=\u00bb{}\u00bb][et_pb_row _builder_version=\u00bb4.27.0&#8243; _module_preset=\u00bbdefault\u00bb global_colors_info=\u00bb{}\u00bb][et_pb_column type=\u00bb4_4&#8243; _builder_version=\u00bb4.27.0&#8243; _module_preset=\u00bbdefault\u00bb global_colors_info=\u00bb{}\u00bb][et_pb_accordion _builder_version=\u00bb4.27.6&#8243; _module_preset=\u00bbdefault\u00bb custom_margin=\u00bb141px|||||\u00bb hover_enabled=\u00bb0&#8243; global_colors_info=\u00bb{}\u00bb sticky_enabled=\u00bb0&#8243;][et_pb_accordion_item title=\u00bbInforme Rendici\u00f3n de Cuentas Segundo Semestre 2025&#8243; open=\u00bbon\u00bb open_toggle_text_color=\u00bb#0C71C3&#8243; _builder_version=\u00bb4.27.6&#8243; _module_preset=\u00bbdefault\u00bb body_font=\u00bb|||on|||||\u00bb hover_enabled=\u00bb0&#8243; global_colors_info=\u00bb{}\u00bb toggle_font=\u00bb|700|||||||\u00bb sticky_enabled=\u00bb0&#8243;]<\/p>\n<p><a href=\"http:\/\/ienuevolatircali.edu.co\/site\/wp-content\/uploads\/2026\/02\/Circular-convocatoria-Reunion-rendicion-de-Cuentas.pdf\">1. INVITACI\u00d3N CONVOCATORIA PARA RENDICI\u00d3N DE CUENTAS SEGUNDO SEMESTRE 2025<\/a><\/p>\n<p><a href=\"http:\/\/ienuevolatircali.edu.co\/site\/wp-content\/uploads\/2026\/03\/GEST.-DIRECTIVA-Final-2025-1.pptx\">2. GESTI\u00d3N DIRECTIVA<\/a><\/p>\n<p><a href=\"http:\/\/ienuevolatircali.edu.co\/site\/wp-content\/uploads\/2026\/03\/RENDICION-GESTION-ACADEMICA-SemestreI-1-2026.pptx\">3. GESTI\u00d3N ACAD\u00c9MICA<\/a><\/p>\n<p><a href=\"http:\/\/ienuevolatircali.edu.co\/site\/wp-content\/uploads\/2026\/03\/GESTION-COMUNITARIA-2025.pptx-1.pptx\">4. GESTI\u00d3N COMUNITARIA<\/a><\/p>\n<p><a href=\"http:\/\/ienuevolatircali.edu.co\/site\/wp-content\/uploads\/2026\/03\/REND-Cuentas-Gestion-Admitiva-Agto-Dic_2025.pptx\">5. GESTI\u00d3N ADMINISTRATIVA<\/a><\/p>\n<p><a href=\"http:\/\/ienuevolatircali.edu.co\/site\/wp-content\/uploads\/2026\/03\/INFORME-DE-GESTION-FINANCIERA-VIGENCIA-2025.pptx\">6. GESTI\u00d3N FINANCIERA<\/a><\/p>\n<p>&nbsp;<\/p>\n<p>&nbsp;<\/p>\n<p>&nbsp;<\/p>\n<p>[\/et_pb_accordion_item][et_pb_accordion_item title=\u00bbInforme Rendici\u00f3n de Cuentas 1er Semestre 2025&#8243; open=\u00bboff\u00bb open_toggle_text_color=\u00bb#0C71C3&#8243; _builder_version=\u00bb4.27.4&#8243; _module_preset=\u00bbdefault\u00bb body_font=\u00bb|||on|||||\u00bb global_colors_info=\u00bb{}\u00bb toggle_font=\u00bb|700|||||||\u00bb]<\/p>\n<p><a href=\"http:\/\/ienuevolatircali.edu.co\/site\/wp-content\/uploads\/2025\/07\/Circular-convocatoria-Reunion-rendicion-de-Cuentas.pdf\">1. INVITACI\u00d3N CONVOCATORIA PARA RENDICI\u00d3N DE CUENTAS PRIMER SEMESTRE 2025<\/a><\/p>\n<p>\u00a0<a href=\"http:\/\/ienuevolatircali.edu.co\/site\/wp-content\/uploads\/2025\/08\/REN.-GEST.-DIRECTIVA-AGOSTO-2025.pdf\">2. GESTION DIRECTIVA<\/a><\/p>\n<p><a href=\"http:\/\/ienuevolatircali.edu.co\/site\/wp-content\/uploads\/2025\/08\/RENDICION-DE-LA-GESTION-ACADEMICA-SemestreI-II-2025.pdf\">3. GESTION ACADEMICA<\/a><\/p>\n<p><a href=\"http:\/\/ienuevolatircali.edu.co\/site\/wp-content\/uploads\/2025\/08\/Gestion-Comunitaria-2025.pdf\">4. GESTION COMUNITARIA<\/a><\/p>\n<p><a href=\"http:\/\/ienuevolatircali.edu.co\/site\/wp-content\/uploads\/2025\/08\/REND-Cuentas-Gestion-Admitiva-Enero-Julio_2025.pdf\">5. GESTION ADMINISTRATIVA<\/a><\/p>\n<p><a href=\"http:\/\/ienuevolatircali.edu.co\/site\/wp-content\/uploads\/2025\/08\/IE-NUEVO-LATIR-INFORME-FINANCIERO-2025-01.pdf\">6. GESTION FINANCIERA<\/a><\/p>\n<p>&nbsp;<\/p>\n<p>&nbsp;<\/p>\n<p>[\/et_pb_accordion_item][et_pb_accordion_item title=\u00bbInforme Rendici\u00f3n de Cuentas 1er Semestre 2025&#8243; open_toggle_text_color=\u00bb#0C71C3&#8243; _builder_version=\u00bb4.27.4&#8243; _module_preset=\u00bbdefault\u00bb body_font=\u00bb|||on|||||\u00bb global_colors_info=\u00bb{}\u00bb toggle_font=\u00bb|700|||||||\u00bb open=\u00bboff\u00bb]<\/p>\n<p><a href=\"http:\/\/ienuevolatircali.edu.co\/site\/wp-content\/uploads\/2025\/07\/Circular-convocatoria-Reunion-rendicion-de-Cuentas.pdf\">1. INVITACI\u00d3N CONVOCATORIA PARA RENDICI\u00d3N DE CUENTAS PRIMER SEMESTRE 2025<\/a><\/p>\n<p>&nbsp;<\/p>\n<p>&nbsp;<\/p>\n<p>&nbsp;<\/p>\n<p>[\/et_pb_accordion_item][\/et_pb_accordion][et_pb_accordion _builder_version=\u00bb4.27.4&#8243; _module_preset=\u00bbdefault\u00bb global_colors_info=\u00bb{}\u00bb][et_pb_accordion_item title=\u00bbInforme Rendici\u00f3n de Cuentas 2do Semestre 2024&#8243; open=\u00bbon\u00bb open_toggle_text_color=\u00bb#0C71C3&#8243; _builder_version=\u00bb4.27.4&#8243; _module_preset=\u00bbdefault\u00bb body_font=\u00bb|||on|||||\u00bb global_colors_info=\u00bb{}\u00bb toggle_font=\u00bb|700|||||||\u00bb]<\/p>\n<p><a href=\"http:\/\/ienuevolatircali.edu.co\/site\/wp-content\/uploads\/2025\/02\/1.-INVITACION-RENDICION-DE-CUENTAS-SEGUNDO-SEMESTRE-2024.pdf\">1. INVITACION RENDICION DE CUENTAS SEGUNDO SEMESTRE 202<\/a><\/p>\n<p><a href=\"http:\/\/ienuevolatircali.edu.co\/site\/wp-content\/uploads\/2025\/02\/2.-REN.-GEST.-DIRECTIVA-2024-2.pdf\">2. RENDICION GESTION DIRECTIVA 2024-2<\/a><\/p>\n<p><a href=\"http:\/\/ienuevolatircali.edu.co\/site\/wp-content\/uploads\/2025\/02\/3.-INFORME-GESTION-COMUNITARIA-2024-2.pdf\">3. INFORME GESTI\u00d3N COMUNITARIA 2024-2<\/a><\/p>\n<p><a href=\"http:\/\/ienuevolatircali.edu.co\/site\/wp-content\/uploads\/2025\/02\/4.-INFORME-FINANCIERO-2024-2-1.pdf\">4. INFORME FINANCIERO 2024-2<\/a><\/p>\n<p>&nbsp;<\/p>\n<p>&nbsp;<\/p>\n<p>[\/et_pb_accordion_item][\/et_pb_accordion][et_pb_accordion _builder_version=\u00bb4.27.4&#8243; _module_preset=\u00bbdefault\u00bb global_colors_info=\u00bb{}\u00bb][et_pb_accordion_item title=\u00bbInforme Rendici\u00f3n de Cuentas 1 Semestre 2024&#8243; open=\u00bbon\u00bb open_toggle_text_color=\u00bb#0C71C3&#8243; _builder_version=\u00bb4.27.4&#8243; _module_preset=\u00bbdefault\u00bb body_font=\u00bb|||on|||||\u00bb global_colors_info=\u00bb{}\u00bb toggle_font=\u00bb|700|||||||\u00bb]<\/p>\n<p><a href=\"http:\/\/ienuevolatircali.edu.co\/site\/wp-content\/uploads\/2025\/01\/RENDICION-GESTION-ACADEMICA-Semestre.pdf\" target=\"_blank\" rel=\"noopener\">INFORME DE GESTI\u00d3N ACAD\u00c9MICA I-2024<\/a><\/p>\n<p><a href=\"http:\/\/ienuevolatircali.edu.co\/site\/wp-content\/uploads\/2025\/01\/2.-REND-Cuentas-G.-Admitiva-Enero-Julio-2024.pdf\" target=\"_blank\" rel=\"noopener\">Rendicion de Cuentas Admistrativa Enero-Julio 2024<\/a><\/p>\n<p><a href=\"http:\/\/ienuevolatircali.edu.co\/site\/wp-content\/uploads\/2025\/01\/4.-IE-NUEVO-LATIR-Informe-de-Gestion-2024-01.pdf\" target=\"_blank\" rel=\"noopener\">Informe financiero enero a junio 2024<\/a><\/p>\n<p><a href=\"http:\/\/ienuevolatircali.edu.co\/site\/wp-content\/uploads\/2025\/01\/REN.-GEST.-DIRECTIVA.pdf\" target=\"_blank\" rel=\"noopener\">Gesti\u00f3n directiva<\/a><\/p>\n<p>&nbsp;<\/p>\n<p>&nbsp;<\/p>\n<p>[\/et_pb_accordion_item][\/et_pb_accordion][\/et_pb_column][\/et_pb_row][\/et_pb_section][et_pb_section fb_built=\u00bb1&#8243; _builder_version=\u00bb4.24.0&#8243; _module_preset=\u00bbdefault\u00bb background_color=\u00bb#00495e\u00bb background_image=\u00bbhttp:\/\/ienuevolatircali.edu.co\/site\/wp-content\/uploads\/2024\/02\/Captura-de-pantalla-2024-02-02-113908-1.png\u00bb background_blend=\u00bbmultiply\u00bb custom_padding=\u00bb3px|||||\u00bb global_module=\u00bb232&#8243; saved_tabs=\u00bball\u00bb global_colors_info=\u00bb{}\u00bb][et_pb_row _builder_version=\u00bb4.24.0&#8243; _module_preset=\u00bbdefault\u00bb global_colors_info=\u00bb{}\u00bb][et_pb_column type=\u00bb4_4&#8243; _builder_version=\u00bb4.24.0&#8243; _module_preset=\u00bbdefault\u00bb global_colors_info=\u00bb{}\u00bb][et_pb_text _builder_version=\u00bb4.24.0&#8243; _module_preset=\u00bbdefault\u00bb text_text_color=\u00bb#FFFFFF\u00bb header_2_text_align=\u00bbcenter\u00bb header_2_text_color=\u00bb#FFFFFF\u00bb header_2_font_size=\u00bb32px\u00bb global_colors_info=\u00bb{}\u00bb]<\/p>\n<h2>\u00bfDudas y sugerencias? comun\u00edquese con nosotros<\/h2>\n<p>&nbsp;<\/p>\n<p>[\/et_pb_text][\/et_pb_column][\/et_pb_row][et_pb_row column_structure=\u00bb2_5,3_5&#8243; _builder_version=\u00bb4.27.0&#8243; _module_preset=\u00bbdefault\u00bb background_color=\u00bbrgba(255,255,255,0.81)\u00bb custom_padding=\u00bb30px|30px|30px|30px|false|false\u00bb global_colors_info=\u00bb{}\u00bb][et_pb_column type=\u00bb2_5&#8243; _builder_version=\u00bb4.24.0&#8243; _module_preset=\u00bbdefault\u00bb global_colors_info=\u00bb{}\u00bb][et_pb_text _builder_version=\u00bb4.27.4&#8243; _module_preset=\u00bbdefault\u00bb text_font_size=\u00bb16px\u00bb global_colors_info=\u00bb{}\u00bb]<\/p>\n<p><strong>Email: <\/strong>hugo.lozano@cali.edu.co\u00a0<\/p>\n<p><strong>Sede Nuevo Latir:<\/strong><br \/>Calle 76 N\u00ba 28-20<br \/>436 38 36 \u2013 414 07 77 \u2013 318 343 91 79<br \/>Barrio Alfonso Bonilla Arag\u00f3n<\/p>\n<p><strong>Sede Isa\u00edas Duarte Cancino:<\/strong><br \/>Carrera 28e N\u00ba 96-120<br \/>414 00 44 \u2013 318 362 72 51<br \/>Barrio Mojica.<\/p>\n<p>[\/et_pb_text][\/et_pb_column][et_pb_column type=\u00bb3_5&#8243; _builder_version=\u00bb4.24.0&#8243; _module_preset=\u00bbdefault\u00bb global_colors_info=\u00bb{}\u00bb][et_pb_contact_form email=\u00bbhugo.lozano@cali.edu.co\u00bb success_message=\u00bbSu mensaje fue enviado con \u00e9xito, le daremos respuesta lo mas pronto posible.\u00bb submit_button_text=\u00bbEnviar\u00bb _builder_version=\u00bb4.27.4&#8243; _module_preset=\u00bbdefault\u00bb _unique_id=\u00bbcafbf431-19ec-4b83-a2c8-21cfb04aad83&#8243; global_colors_info=\u00bb{}\u00bb][et_pb_contact_field field_id=\u00bbNombre\u00bb field_title=\u00bbNombre\u00bb _builder_version=\u00bb4.24.0&#8243; global_colors_info=\u00bb{}\u00bb button_text_size__hover_enabled=\u00bboff\u00bb button_one_text_size__hover_enabled=\u00bboff\u00bb button_two_text_size__hover_enabled=\u00bboff\u00bb button_text_color__hover_enabled=\u00bboff\u00bb button_one_text_color__hover_enabled=\u00bboff\u00bb button_two_text_color__hover_enabled=\u00bboff\u00bb button_border_width__hover_enabled=\u00bboff\u00bb button_one_border_width__hover_enabled=\u00bboff\u00bb button_two_border_width__hover_enabled=\u00bboff\u00bb button_border_color__hover_enabled=\u00bboff\u00bb button_one_border_color__hover_enabled=\u00bboff\u00bb button_two_border_color__hover_enabled=\u00bboff\u00bb button_border_radius__hover_enabled=\u00bboff\u00bb button_one_border_radius__hover_enabled=\u00bboff\u00bb button_two_border_radius__hover_enabled=\u00bboff\u00bb button_letter_spacing__hover_enabled=\u00bboff\u00bb button_one_letter_spacing__hover_enabled=\u00bboff\u00bb button_two_letter_spacing__hover_enabled=\u00bboff\u00bb button_bg_color__hover_enabled=\u00bboff\u00bb button_one_bg_color__hover_enabled=\u00bboff\u00bb button_two_bg_color__hover_enabled=\u00bboff\u00bb][\/et_pb_contact_field][et_pb_contact_field field_id=\u00bbEmail\u00bb field_title=\u00bbEmail\u00bb field_type=\u00bbemail\u00bb _builder_version=\u00bb4.24.0&#8243; global_colors_info=\u00bb{}\u00bb button_text_size__hover_enabled=\u00bboff\u00bb button_one_text_size__hover_enabled=\u00bboff\u00bb button_two_text_size__hover_enabled=\u00bboff\u00bb button_text_color__hover_enabled=\u00bboff\u00bb button_one_text_color__hover_enabled=\u00bboff\u00bb button_two_text_color__hover_enabled=\u00bboff\u00bb button_border_width__hover_enabled=\u00bboff\u00bb button_one_border_width__hover_enabled=\u00bboff\u00bb button_two_border_width__hover_enabled=\u00bboff\u00bb button_border_color__hover_enabled=\u00bboff\u00bb button_one_border_color__hover_enabled=\u00bboff\u00bb button_two_border_color__hover_enabled=\u00bboff\u00bb button_border_radius__hover_enabled=\u00bboff\u00bb button_one_border_radius__hover_enabled=\u00bboff\u00bb button_two_border_radius__hover_enabled=\u00bboff\u00bb button_letter_spacing__hover_enabled=\u00bboff\u00bb button_one_letter_spacing__hover_enabled=\u00bboff\u00bb button_two_letter_spacing__hover_enabled=\u00bboff\u00bb button_bg_color__hover_enabled=\u00bboff\u00bb button_one_bg_color__hover_enabled=\u00bboff\u00bb button_two_bg_color__hover_enabled=\u00bboff\u00bb][\/et_pb_contact_field][et_pb_contact_field field_id=\u00bbMensaje\u00bb field_title=\u00bbMensaje\u00bb field_type=\u00bbtext\u00bb fullwidth_field=\u00bbon\u00bb _builder_version=\u00bb4.24.0&#8243; global_colors_info=\u00bb{}\u00bb button_text_size__hover_enabled=\u00bboff\u00bb button_one_text_size__hover_enabled=\u00bboff\u00bb button_two_text_size__hover_enabled=\u00bboff\u00bb button_text_color__hover_enabled=\u00bboff\u00bb button_one_text_color__hover_enabled=\u00bboff\u00bb button_two_text_color__hover_enabled=\u00bboff\u00bb button_border_width__hover_enabled=\u00bboff\u00bb button_one_border_width__hover_enabled=\u00bboff\u00bb button_two_border_width__hover_enabled=\u00bboff\u00bb button_border_color__hover_enabled=\u00bboff\u00bb button_one_border_color__hover_enabled=\u00bboff\u00bb button_two_border_color__hover_enabled=\u00bboff\u00bb button_border_radius__hover_enabled=\u00bboff\u00bb button_one_border_radius__hover_enabled=\u00bboff\u00bb button_two_border_radius__hover_enabled=\u00bboff\u00bb button_letter_spacing__hover_enabled=\u00bboff\u00bb button_one_letter_spacing__hover_enabled=\u00bboff\u00bb button_two_letter_spacing__hover_enabled=\u00bboff\u00bb button_bg_color__hover_enabled=\u00bboff\u00bb button_one_bg_color__hover_enabled=\u00bboff\u00bb button_two_bg_color__hover_enabled=\u00bboff\u00bb][\/et_pb_contact_field][\/et_pb_contact_form][\/et_pb_column][\/et_pb_row][\/et_pb_section]<\/p>\n","protected":false},"excerpt":{"rendered":"<p>Informes Rendici\u00f3n de Cuentas1. INVITACI\u00d3N CONVOCATORIA PARA RENDICI\u00d3N DE CUENTAS SEGUNDO SEMESTRE 2025 2. GESTI\u00d3N DIRECTIVA 3. GESTI\u00d3N ACAD\u00c9MICA 4. GESTI\u00d3N COMUNITARIA 5. GESTI\u00d3N ADMINISTRATIVA 6. GESTI\u00d3N FINANCIERA &nbsp; &nbsp; &nbsp;1. INVITACI\u00d3N CONVOCATORIA PARA RENDICI\u00d3N DE CUENTAS PRIMER SEMESTRE 2025 \u00a02. GESTION DIRECTIVA 3. GESTION ACADEMICA 4. GESTION COMUNITARIA 5. GESTION ADMINISTRATIVA 6. GESTION FINANCIERA [&hellip;]<\/p>\n","protected":false},"author":2,"featured_media":0,"parent":0,"menu_order":0,"comment_status":"closed","ping_status":"closed","template":"","meta":{"_et_pb_use_builder":"on","_et_pb_old_content":"","_et_gb_content_width":"","footnotes":""},"class_list":["post-348","page","type-page","status-publish","hentry"],"_links":{"self":[{"href":"http:\/\/ienuevolatircali.edu.co\/site\/wp-json\/wp\/v2\/pages\/348","targetHints":{"allow":["GET"]}}],"collection":[{"href":"http:\/\/ienuevolatircali.edu.co\/site\/wp-json\/wp\/v2\/pages"}],"about":[{"href":"http:\/\/ienuevolatircali.edu.co\/site\/wp-json\/wp\/v2\/types\/page"}],"author":[{"embeddable":true,"href":"http:\/\/ienuevolatircali.edu.co\/site\/wp-json\/wp\/v2\/users\/2"}],"replies":[{"embeddable":true,"href":"http:\/\/ienuevolatircali.edu.co\/site\/wp-json\/wp\/v2\/comments?post=348"}],"version-history":[{"count":5,"href":"http:\/\/ienuevolatircali.edu.co\/site\/wp-json\/wp\/v2\/pages\/348\/revisions"}],"predecessor-version":[{"id":770,"href":"http:\/\/ienuevolatircali.edu.co\/site\/wp-json\/wp\/v2\/pages\/348\/revisions\/770"}],"wp:attachment":[{"href":"http:\/\/ienuevolatircali.edu.co\/site\/wp-json\/wp\/v2\/media?parent=348"}],"curies":[{"name":"wp","href":"https:\/\/api.w.org\/{rel}","templated":true}]}}